{"id":281,"date":"2020-04-15T12:25:38","date_gmt":"2020-04-15T10:25:38","guid":{"rendered":"https:\/\/studiofornaroli.exum.eu\/?page_id=281"},"modified":"2025-01-13T10:40:48","modified_gmt":"2025-01-13T09:40:48","slug":"studio-amministrativo","status":"publish","type":"page","link":"https:\/\/studio-fornaroli.com\/?page_id=281","title":{"rendered":"Amministrazione e Gestione Immobili"},"content":{"rendered":"<div  data-label=\"Chi siamo\" data-id=\"about--1\" data-export-id=\"about-text-image\" data-category=\"about\" class=\"about-text-image content-section content-section-spacing\" id=\"chi-siamo\" style=\"background-color: rgb(245, 250, 253);\"><div  class=\"gridContainer\"> <div  class=\"row\"><div  class=\"col-sm-6 col-padding-small-xs col-sm-padding-large bg-color5 white-text content-col\" data-type=\"column\">  <h2  class=\"\">CHI SIAMO<\/h2> <p  class=\"\">Lo Studio Fornaroli \u00e8 uno studio di amministrazione e gestione immobiliare con una tradizione ormai quarantennale. Fondato dal Geom. Giancarlo Fornaroli nel 1980 a Milano, ha avuto la sua prima sede in Via Crema per poi ampliarsi nell\u2019attuale sede di Corso Lodi 83 sotto la Direzione dell\u2019Arch. Fabio Fornaroli, figlio del fondatore. Lo studio che si avvale della collaborazione di uno staff interno qualificato, \u00e8 poi completato da un selezionato pool di professionisti e consulenti esterni in vari settori (legale, urbanistico, edilizio, amministrativo, assicurativo, contabile, ecc.) in grado di gestire con professionalit\u00e0 ogni aspetto ed ogni problematica della gestione del Condominio nonch\u00e9 dei patrimoni immobiliari. Lo Studio gestisce anche qualsiasi pratica tecnica, gestionale e assicurativa relativa ai vostri immobili garantendovi professionalit\u00e0, trasparenza e affidabilit\u00e0, come la nostra tradizione storica pu\u00f2 confermare.<\/p><\/div> <div  class=\"col-sm-6 flexbox-strech center-xs middle-xs no-gutter-col\"><div  class=\"shadow-large overlap-left-large flexbox middle-xs center-xs right-img\" data-bg=\"image\" style=\"background-image: url(&quot;https:\/\/studio-fornaroli.com\/wp-content\/uploads\/2020\/04\/Chi-siamo.-jpg-1.jpg&quot;);\"><\/div><\/div> <\/div><\/div> <\/div><div  id=\"cta-1\" data-label=\"Cta\" data-id=\"cta-blue-section\" data-export-id=\"cta-blue-section\" data-category=\"cta\" class=\"cta-blue-section content-section content-section-spacing-medium bg-color1 white-text content-relative\" style=\"background-image: none; background-color: rgb(6, 79, 143);\"><div  class=\"gridContainer\"> <div  class=\"row middle-xs\"><div  class=\"col-sm-8 space-bottom-xs\" data-type=\"column\"> <h2  class=\"\" style=\"text-align: center;\"><span  style=\"color: rgb(255, 255, 255); font-weight: 600;\">RICHIEDI IL TUO PREVENTIVO<\/span><\/h2> <\/div> <div  class=\"col-sm-4 end-sm\" data-type=\"column\"> <a class=\"button color8 dark-text\" href=\"#contatti\" target=\"_self\" data-cp-link=\"1\" data-icon=\"\" rel=\"noopener noreferrer\">CONTATTACI<\/a><\/div> <\/div><\/div> <\/div><div  data-label=\"I nostri servizi\" data-id=\"features--1\" data-export-id=\"features-13\" data-category=\"features\" class=\"features-13 content-section content-section-spacing content-relative\" id=\"i-nostri-servizi\" style=\"background-color: rgb(245, 250, 253);\"><div  class=\"gridContainer\"> <div  class=\"row text-center\"><div  class=\"section-title-col\" data-type=\"column\"> <h2  class=\"\"><span  class=\"\" style=\"margin-bottom: 16px; outline-color: rgb(204, 204, 204); outline-style: solid; text-rendering: optimizeLegibility; font-size: 2.5rem; line-height: 3rem; word-wrap: break-word;\">COSA OFFRIAMO<\/span><\/h2> <h5  class=\"\"><span  style=\"font-family: &quot;Open Sans&quot;, arial, helvetica, sans-serif; font-weight: 400;\">Siamo in grado di offrire ai nostri clienti una serie di servizi completa ed interdisciplinare, per poter affrontare le problematiche riguardanti il settore ed il mercato immobiliare.<\/span><\/h5><\/div> <\/div> <div  class=\"row spaced-cols center-sm content-center-sm\" data-type=\"row\"> <div  class=\"col col-sm-6 space-bottom col-md-4\"> <i  class=\"fa icon fa-calculator bordered round big color7\"><\/i> <h4  class=\"\"><span  style=\"color: rgb(4, 79, 143); font-weight: 700;\">CONTABILITA\u2019<\/span><\/h4> <p  class=\"\">Gestione dal piccolo al grande condominio: lo Studio ha la soluzione perfetta per la<br >\ngestione del tuo immobile.<\/p> <\/div> <div  class=\"col col-sm-6 space-bottom col-md-4\"><i  class=\"fa icon fa-connectdevelop bordered round big color7\"><\/i> <h4  class=\"\"><span  style=\"font-weight: 700; color: rgb(4, 79, 143);\">GESTIONE INTERVENTI<\/span><\/h4> <p  class=\"\">Tempismo ed efficacia per qualsiasi intervento condominiale gestito direttamente dai nostri collaboratori.<\/p> <\/div> <div  class=\"col col-sm-6 space-bottom col-md-4\"> <i  class=\"fa icon fa-th-large bordered round big color7\"><\/i> <h4  class=\"\"><span  style=\"font-weight: 700; color: rgb(4, 79, 143);\">GESTIONE LOCAZIONI IMMOBILIARI<\/span><\/h4> <p  class=\"\">Gestione amministrativa e fiscale dei contratti di locazione.<br >\nContattaci per maggiori informazioni.<\/p> <\/div>  <\/div><\/div> <\/div><div  data-label=\"I nostri servizi\" data-id=\"features--3\" data-export-id=\"features-13\" data-category=\"features\" class=\"features-13 content-section content-section-spacing\" id=\"i-nostri-servizi-1\" style=\"background-color: rgb(245, 250, 253);\"><div  class=\"gridContainer\"> <div  class=\"row text-center\"><div  class=\"section-title-col\" data-type=\"column\">  <\/div> <\/div> <div  class=\"row spaced-cols center-sm content-center-sm\" data-type=\"row\"> <div  class=\"col col-sm-6 space-bottom col-md-4\"> <img decoding=\"async\"  class=\"custom-image\" src=\"https:\/\/studio-fornaroli.com\/wp-content\/uploads\/2024\/03\/cropped-d360_logo.png\" alt=\"\" title=\"cropped-d360_logo.png\"> <h4  class=\"\"><font  color=\"#044f8f\">AREA RISERVATA<\/font><\/h4> <p  class=\"\">Accedi all\u2019 Area Riservata per visualizzare documenti dell\u2019immobile e rate condominiali aggiornate.<\/p> <a class=\"button color1\" href=\"https:\/\/www.d360.cloud\/Login\" target=\"_self\" data-cp-link=\"1\" data-icon=\"\" rel=\"noopener noreferrer\">ACCEDI<\/a><\/div> <div  class=\"col col-sm-6 space-bottom col-md-4\"><i  class=\"fa icon fa-balance-scale bordered round big color1\"><\/i> <h4  class=\"\"><span  style=\"font-weight: 700; color: rgb(4, 79, 143);\">RAPPRESENTANZA LEGALE<\/span><\/h4> <p  class=\"\">Lo Studio si avvale della collaborazione di professionisti esterni in grado di offrire rappresentanza legale al tuo condominio.<\/p> <\/div>   <\/div><\/div> <\/div><div  data-label=\"I nostri servizi\" data-id=\"features--4\" data-export-id=\"features-13\" data-category=\"features\" class=\"features-13 content-section content-section-spacing\" id=\"i-nostri-servizi-2\" style=\"background-color: rgb(245, 250, 253);\"><div  class=\"gridContainer\"> <div  class=\"row text-center\"><div  class=\"section-title-col\" data-type=\"column\">  <\/div> <\/div> <div  class=\"row spaced-cols center-sm content-center-sm\" data-type=\"row\">  <div  class=\"col col-sm-6 space-bottom col-md-4\"><i  class=\"fa icon fa-lock bordered round big color1\"><\/i> <h4  class=\"\"><span  style=\"color: rgb(4, 79, 143); font-weight: 700;\">PRIVACY CONDOMINIALE<\/span><\/h4> <p  class=\"\">Accedi all\u2019area Privacy Condominiale per<br >\npoter consultare l\u2019informativa condominiale costantemente aggiornata.<\/p> <a class=\"button color1\" href=\"https:\/\/www.d360.cloud\/privacycondominiale\" target=\"_self\" data-cp-link=\"1\" data-icon=\"\" rel=\"noopener noreferrer\">ACCEDI<\/a><\/div>   <div  class=\"col col-sm-6 space-bottom col-md-4\"><i  class=\"fa icon fa-file-text-o bordered round big color1\"><\/i> <h4  class=\"\"><span  style=\"font-weight: 700; color: rgb(4, 79, 143);\">MODULISTICA<\/span><\/h4> <p  class=\"\">Clicca e scarica qui la modulistica standard di cui hai bisogno! Dalla delega alla rappresentazione in assemblea condominiale, alla comunicazione di acquisto o vendita e altri. Baster\u00e0 scaricare e compilare il modulo scelto, in ogni sua parte e inviarlo ai nostri contatti email o fax.\n<\/p><p  class=\"\" style=\"text-align: center;\"><span  style=\"font-weight: 600;\"><a data-mce-href=\"..\/wp-content\/uploads\/2020\/07\/DELEGA-CONDOMINIALE.pdf\" href=\"..\/wp-content\/uploads\/2020\/07\/DELEGA-CONDOMINIALE.pdf\" target=\"_blank\" rel=\"noopener noreferrer\" data-mce-selected=\"inline-boundary\" data-cp-link=\"1\" class=\"\">-Delega condominiale<\/a><\/span><br ><span  style=\"font-weight: 600;\">\u2013<a data-mce-href=\"..\/wp-content\/uploads\/2020\/07\/AVVISO-CHIUSURA-ACQUA.pdf\" href=\"..\/wp-content\/uploads\/2020\/07\/AVVISO-CHIUSURA-ACQUA.pdf\" target=\"_blank\" rel=\"noopener noreferrer\" data-mce-selected=\"inline-boundary\" data-cp-link=\"1\" class=\"\">Avviso chiusura acqua<\/a><\/span><br ><span  style=\"font-weight: 600;\"><a data-mce-href=\"..\/wp-content\/uploads\/2020\/07\/VARIAZIONE-PERSONE-ACQUA.pdf\" href=\"..\/wp-content\/uploads\/2020\/07\/VARIAZIONE-PERSONE-ACQUA.pdf\" target=\"_blank\" rel=\"noopener noreferrer\" data-mce-selected=\"inline-boundary\" data-cp-link=\"1\" class=\"\">-Variazione persone acqua<\/a><\/span><br ><span  style=\"font-weight: 600;\"><a data-mce-href=\"..\/wp-content\/uploads\/2020\/07\/cambio-nominativo-etichette.pdf\" href=\"..\/wp-content\/uploads\/2020\/07\/cambio-nominativo-etichette.pdf\" target=\"_blank\" rel=\"noopener noreferrer\" data-mce-selected=\"inline-boundary\" data-cp-link=\"1\" class=\"\">-Cambio nominativo etichette<\/a><\/span><br ><span  style=\"font-weight: 600;\"><a data-mce-href=\"..\/wp-content\/uploads\/2020\/07\/MODULO-DATI-PROPRIETA-REGISTRO-ANAGRAFE.pdf\" href=\"..\/wp-content\/uploads\/2020\/07\/MODULO-DATI-PROPRIETA-REGISTRO-ANAGRAFE.pdf\" target=\"_blank\" rel=\"noopener noreferrer\" data-mce-selected=\"inline-boundary\" data-cp-link=\"1\" class=\"\">-Dati propriet\u00e0 per registro anagrafe\n\ufeff<\/a><\/span>\n<\/p> <\/div><\/div><\/div> <\/div><div  data-label=\"Il Team\" data-id=\"team--1\" data-export-id=\"team-1\" data-category=\"team\" class=\"team-1 content-section content-section-spacing\" id=\"il-team\" style=\"background-color: rgb(255, 255, 255);\"><div  class=\"gridContainer\"> <div  class=\"row text-center\"><div  class=\"section-title-col\" data-type=\"column\"> <h2  class=\"\">Il nostro Team<\/h2> <p  class=\"lead\">La nostra squadra \u00e8 composta da professionisti seri, competenti e costantemente aggiornati su tutte le novit\u00e0 del settore. Umanit\u00e0 e dedizione sono le parole chiave che guidano i nostri collaboratori.<\/p><\/div> <\/div> <div  class=\"row spaced-cols content-center-sm\" data-type=\"row\"> <div  class=\"col-xs-12 col-sm-6 col-md-4 \"> <div  class=\"card bottom-border-color1 no-padding no-shadow\">  <div  data-type=\"column\" class=\"col-padding-small col-padding-small-xs description-container\"> <h4  class=\"font-500\">ARCH. FABIO FORNAROLI<\/h4> <p  class=\"small\" style=\"font-style: italic;\">Titolare amministratore<\/p> <div  class=\"social-icons-group\" data-type=\"group\"> <a href=\"#\" target=\"_self\" data-reiki-hidden=\"true\" rel=\"noopener noreferrer\"><i  class=\"fa icon fa-facebook-square gray\"><\/i><\/a> <a href=\"#\" target=\"_self\" data-reiki-hidden=\"true\" rel=\"noopener noreferrer\"><i  class=\"fa icon fa-twitter-square gray\"><\/i><\/a> <a href=\"#\" target=\"_self\" data-reiki-hidden=\"true\" rel=\"noopener noreferrer\"><i  class=\"fa icon fa-linkedin-square gray\"><\/i><\/a> <a href=\"#\" target=\"_self\" data-reiki-hidden=\"true\" rel=\"noopener noreferrer\"><i  class=\"fa icon fa-google-plus-square gray\"><\/i><\/a><\/div> <\/div><\/div> <\/div><div  class=\"col-xs-12 col-sm-6 col-md-4 \"> <div  class=\"card bottom-border-color1 no-padding no-shadow\">  <div  data-type=\"column\" class=\"col-padding-small col-padding-small-xs description-container\"> <h4  class=\"font-500\">VESNA AJDINOVIC<\/h4> <p  class=\"small\" style=\"font-style: italic;\">Amministrazione e contabilit\u00e0<\/p> <div  class=\"social-icons-group\" data-type=\"group\"> <a href=\"#\" target=\"_self\" rel=\"noopener noreferrer\" data-reiki-hidden=\"true\"><i  class=\"fa icon fa-facebook-square gray\"><\/i><\/a> <a href=\"#\" target=\"_self\" rel=\"noopener noreferrer\" data-reiki-hidden=\"true\"><i  class=\"fa icon fa-twitter-square gray\"><\/i><\/a> <a href=\"#\" target=\"_self\" rel=\"noopener noreferrer\" data-reiki-hidden=\"true\"><i  class=\"fa icon fa-linkedin-square gray\"><\/i><\/a> <a href=\"#\" target=\"_self\" rel=\"noopener noreferrer\" data-reiki-hidden=\"true\"><i  class=\"fa icon fa-google-plus-square gray\"><\/i><\/a><\/div> <\/div><\/div> <\/div>  <div  class=\"col-xs-12 col-sm-6 col-md-4 \"> <div  class=\"card bottom-border-color1 no-padding no-shadow\">  <div  data-type=\"column\" class=\"col-padding-small col-padding-small-xs description-container\"> <h4  class=\"font-500\">SERENA RUFFO<\/h4> <p  class=\"small\" style=\"font-style: italic;\">Segreteria e contabilit\u00e0<\/p> <div  class=\"social-icons-group\" data-type=\"group\"> <a href=\"#\" target=\"_self\" data-reiki-hidden=\"true\" rel=\"noopener noreferrer\"><i  class=\"fa icon fa-facebook-square gray\"><\/i><\/a> <a href=\"#\" target=\"_self\" data-reiki-hidden=\"true\" rel=\"noopener noreferrer\"><i  class=\"fa icon fa-twitter-square gray\"><\/i><\/a> <a href=\"#\" target=\"_self\" data-reiki-hidden=\"true\" rel=\"noopener noreferrer\"><i  class=\"fa icon fa-linkedin-square gray\"><\/i><\/a> <a href=\"#\" target=\"_self\" data-reiki-hidden=\"true\" rel=\"noopener noreferrer\"><i  class=\"fa icon fa-google-plus-square gray\"><\/i><\/a><\/div> <\/div><\/div> <\/div>     <\/div> <\/div><\/div>","protected":false},"excerpt":{"rendered":"<p>CHI SIAMO Lo Studio Fornaroli \u00e8 uno studio di amministrazione e gestione immobiliare con una tradizione ormai quarantennale. Fondato dal Geom. Giancarlo Fornaroli nel 1980 a Milano, ha avuto la sua prima sede in Via Crema per poi ampliarsi nell\u2019attuale sede di Corso Lodi 83 sotto la Direzione dell\u2019Arch. Fabio Fornaroli, figlio del fondatore. Lo&hellip; <br \/> <a class=\"read-more\" href=\"https:\/\/studio-fornaroli.com\/?page_id=281\">Read more<\/a><\/p>\n","protected":false},"author":1,"featured_media":1415,"parent":0,"menu_order":0,"comment_status":"closed","ping_status":"closed","template":"","meta":{"footnotes":""},"class_list":["post-281","page","type-page","status-publish","has-post-thumbnail","hentry"],"_links":{"self":[{"href":"https:\/\/studio-fornaroli.com\/index.php?rest_route=\/wp\/v2\/pages\/281","targetHints":{"allow":["GET"]}}],"collection":[{"href":"https:\/\/studio-fornaroli.com\/index.php?rest_route=\/wp\/v2\/pages"}],"about":[{"href":"https:\/\/studio-fornaroli.com\/index.php?rest_route=\/wp\/v2\/types\/page"}],"author":[{"embeddable":true,"href":"https:\/\/studio-fornaroli.com\/index.php?rest_route=\/wp\/v2\/users\/1"}],"replies":[{"embeddable":true,"href":"https:\/\/studio-fornaroli.com\/index.php?rest_route=%2Fwp%2Fv2%2Fcomments&post=281"}],"version-history":[{"count":56,"href":"https:\/\/studio-fornaroli.com\/index.php?rest_route=\/wp\/v2\/pages\/281\/revisions"}],"predecessor-version":[{"id":1556,"href":"https:\/\/studio-fornaroli.com\/index.php?rest_route=\/wp\/v2\/pages\/281\/revisions\/1556"}],"wp:featuredmedia":[{"embeddable":true,"href":"https:\/\/studio-fornaroli.com\/index.php?rest_route=\/wp\/v2\/media\/1415"}],"wp:attachment":[{"href":"https:\/\/studio-fornaroli.com\/index.php?rest_route=%2Fwp%2Fv2%2Fmedia&parent=281"}],"curies":[{"name":"wp","href":"https:\/\/api.w.org\/{rel}","templated":true}]}}